{"id":38,"date":"2015-01-27T19:00:33","date_gmt":"2015-01-27T18:00:33","guid":{"rendered":"http:\/\/huette.daniundreini.info\/?page_id=38"},"modified":"2015-02-07T19:56:47","modified_gmt":"2015-02-07T18:56:47","slug":"anfahrt","status":"publish","type":"page","link":"https:\/\/huette.daniundreini.info\/?page_id=38","title":{"rendered":"Anfahrt"},"content":{"rendered":"<p>Die Seite als PDF zum runterladen und ausdrucken gibt <a href=\"https:\/\/huette.daniundreini.info\/wp-content\/uploads\/2015\/01\/Anfahrt-N\u00f6sslau-Alm-Danis-H\u00fctte.pdf\" target=\"_blank\">hier.<\/a><\/p>\n<p>Sonnberg 493 5652 Sonnberg, \u00d6sterreich (findet das Navi leider nicht)<\/p>\n<p>Die H\u00fctte findet ihr, wenn ihr durch Dienten am Hochk\u00f6nig Richtung Lend fahrt ungef\u00e4hr 1 km au\u00dferhalb von Dienten auf der linken Seite \u2013 genau 150 Meter oberhalb den Fu\u00dfballplatzes. Reist man von Lend an nat\u00fcrlich einen km vor Dienten an der rechten Seite.<\/p>\n<p>Auf der Homepage steht, dass man in Ausnahmef\u00e4llen Schneeketten ben\u00f6tigt. Wenn ihr keine Schneeketten habt, ist das kein Problem. Ben\u00f6tigt werden Sie nur in Ausnahmef\u00e4llen auf dem letzten St\u00fcck. Da k\u00f6nnen wir auch einen kleinen Shuttle-Service f\u00fcr euch machen. Wir informieren euch dann vor eurer Anreise, wenn es sinnvoller sein k\u00f6nnte gleich unten zu parken.<\/p>\n<p><a href=\"https:\/\/huette.daniundreini.info\/wp-content\/uploads\/2015\/01\/Anfahrt11.jpg\"><img loading=\"lazy\" class=\"alignnone size-large wp-image-46\" src=\"https:\/\/huette.daniundreini.info\/wp-content\/uploads\/2015\/01\/Anfahrt11-1024x858.jpg\" alt=\"Anfahrt1\" width=\"474\" height=\"397\" srcset=\"https:\/\/huette.daniundreini.info\/wp-content\/uploads\/2015\/01\/Anfahrt11-1024x858.jpg 1024w, https:\/\/huette.daniundreini.info\/wp-content\/uploads\/2015\/01\/Anfahrt11-300x251.jpg 300w, https:\/\/huette.daniundreini.info\/wp-content\/uploads\/2015\/01\/Anfahrt11.jpg 1062w\" sizes=\"(max-width: 474px) 100vw, 474px\" \/><\/a><\/p>\n<p>&nbsp;<\/p>\n<p>Achtung: Auf der Homepage der N\u00f6sslau-Alm ist in Goggle Maps nicht die N\u00f6sslau Alm sondern der Stegerbauer Hof markiert!<\/p>\n","protected":false},"excerpt":{"rendered":"<p>Die Seite als PDF zum runterladen und ausdrucken gibt hier. Sonnberg 493 5652 Sonnberg, \u00d6sterreich (findet das Navi leider nicht) Die H\u00fctte findet ihr, wenn ihr durch Dienten am Hochk\u00f6nig Richtung Lend fahrt ungef\u00e4hr 1 km au\u00dferhalb von Dienten auf der linken Seite \u2013 genau 150 Meter oberhalb den Fu\u00dfballplatzes. Reist man von Lend an &hellip; <a href=\"https:\/\/huette.daniundreini.info\/?page_id=38\" class=\"more-link\"><span class=\"screen-reader-text\">Anfahrt<\/span> weiterlesen <span class=\"meta-nav\">&rarr;<\/span><\/a><\/p>\n","protected":false},"author":1,"featured_media":0,"parent":0,"menu_order":0,"comment_status":"open","ping_status":"closed","template":"page-templates\/full-width.php","meta":[],"_links":{"self":[{"href":"https:\/\/huette.daniundreini.info\/index.php?rest_route=\/wp\/v2\/pages\/38"}],"collection":[{"href":"https:\/\/huette.daniundreini.info\/index.php?rest_route=\/wp\/v2\/pages"}],"about":[{"href":"https:\/\/huette.daniundreini.info\/index.php?rest_route=\/wp\/v2\/types\/page"}],"author":[{"embeddable":true,"href":"https:\/\/huette.daniundreini.info\/index.php?rest_route=\/wp\/v2\/users\/1"}],"replies":[{"embeddable":true,"href":"https:\/\/huette.daniundreini.info\/index.php?rest_route=%2Fwp%2Fv2%2Fcomments&post=38"}],"version-history":[{"count":7,"href":"https:\/\/huette.daniundreini.info\/index.php?rest_route=\/wp\/v2\/pages\/38\/revisions"}],"predecessor-version":[{"id":51,"href":"https:\/\/huette.daniundreini.info\/index.php?rest_route=\/wp\/v2\/pages\/38\/revisions\/51"}],"wp:attachment":[{"href":"https:\/\/huette.daniundreini.info\/index.php?rest_route=%2Fwp%2Fv2%2Fmedia&parent=38"}],"curies":[{"name":"wp","href":"https:\/\/api.w.org\/{rel}","templated":true}]}}